{"id":68648,"date":"2026-07-09T16:44:40","date_gmt":"2026-07-09T14:44:40","guid":{"rendered":"https:\/\/www.modelcars24.de\/?post_type=product&#038;p=68648"},"modified":"2026-08-06T17:24:41","modified_gmt":"2026-08-06T15:24:41","slug":"bbr-alfa-romeo-junior-q4-marfil-con-techo-negro-118","status":"publish","type":"product","link":"https:\/\/www.modelcars24.de\/es\/bbr-alfa-romeo-junior-q4-ivory-with-black-roof-118\/","title":{"rendered":"BBR Alfa Romeo Junior Q4 \u2013 Techo Negro Marfil | 1:18"},"content":{"rendered":"<h2>BBR Alfa Romeo Junior Q4 \u2013 Techo Negro Marfil | 1:18<\/h2>\n<div class=\"product-intro\">\n<p>El SUV compacto, presentado en abril de 2024, marca un hito crucial para la tradicional marca italiana y representa el primer paso hacia la electrificaci\u00f3n completa.<\/p>\n<p>El dise\u00f1o, concebido en el Centro Stile Alfa Romeo de Tur\u00edn, combina una est\u00e9tica moderna con el ADN cl\u00e1sico del fabricante. Una particularidad es la aerodin\u00e1mica. <strong>Coda Troncada<\/strong>-Parte trasera, cuyo distintivo remate est\u00e1 inspirado en la hist\u00f3rica Giulia TZ y otorga al veh\u00edculo una presencia din\u00e1mica. La parte delantera se define por una parrilla concisa interpretada de forma moderna.<\/p>\n<p>La nomenclatura es un homenaje directo a la historia y hace referencia al famoso GT 1300 Junior de 1966, que en su momento fue concebido como modelo de entrada.<\/p>\n<p>La entrega de este art\u00edculo de colecci\u00f3n se realizar\u00e1 de forma segura en un embalaje protector de poliespuma.<\/p>\n<\/div>","protected":false},"excerpt":{"rendered":"<p>BBR Alfa Romeo Junior Q4 &#8211; RGM18005A1 \u2013 preorder \u2013 159 inkl. 19% Vat<\/p>","protected":false},"featured_media":68647,"comment_status":"open","ping_status":"closed","template":"","meta":{"_acf_changed":false},"product_brand":[],"product_cat":[262],"product_tag":[],"class_list":["post-68648","product","type-product","status-publish","has-post-thumbnail","product_cat-vorbestellbar","pa_automarke-alfa-romeo-2","pa_decade-2020s","pa_fahrzeugtyp-suv","pa_farbe-avorio-galleria-schwarzes-dach","pa_limitiert-ja","pa_massstab-973","pa_modelmarke-bbr","pa_modeltyp-fertigmodell","pa_modeltyp-geschlossen","pa_verfuegbarkeit-vorbestellbar","pa_zustand_modell-1-brandneu","pa_zustand_verpackung-1-brandneu","first","instock","taxable","shipping-taxable","purchasable","product-type-simple"],"acf":[],"jetpack_sharing_enabled":true,"_links":{"self":[{"href":"https:\/\/www.modelcars24.de\/es\/wp-json\/wp\/v2\/product\/68648","targetHints":{"allow":["GET"]}}],"collection":[{"href":"https:\/\/www.modelcars24.de\/es\/wp-json\/wp\/v2\/product"}],"about":[{"href":"https:\/\/www.modelcars24.de\/es\/wp-json\/wp\/v2\/types\/product"}],"replies":[{"embeddable":true,"href":"https:\/\/www.modelcars24.de\/es\/wp-json\/wp\/v2\/comments?post=68648"}],"version-history":[{"count":0,"href":"https:\/\/www.modelcars24.de\/es\/wp-json\/wp\/v2\/product\/68648\/revisions"}],"wp:featuredmedia":[{"embeddable":true,"href":"https:\/\/www.modelcars24.de\/es\/wp-json\/wp\/v2\/media\/68647"}],"wp:attachment":[{"href":"https:\/\/www.modelcars24.de\/es\/wp-json\/wp\/v2\/media?parent=68648"}],"wp:term":[{"taxonomy":"product_brand","embeddable":true,"href":"https:\/\/www.modelcars24.de\/es\/wp-json\/wp\/v2\/product_brand?post=68648"},{"taxonomy":"product_cat","embeddable":true,"href":"https:\/\/www.modelcars24.de\/es\/wp-json\/wp\/v2\/product_cat?post=68648"},{"taxonomy":"product_tag","embeddable":true,"href":"https:\/\/www.modelcars24.de\/es\/wp-json\/wp\/v2\/product_tag?post=68648"}],"curies":[{"name":"wp","href":"https:\/\/api.w.org\/{rel}","templated":true}]}}

<h2>BBR Alfa Romeo Junior Q4 – Techo Negro Marfil | 1:18</h2>
<div class="product-intro">
<p>El SUV compacto, presentado en abril de 2024, marca un hito crucial para la tradicional marca italiana y representa el primer paso hacia la electrificación completa.</p>
<p>El diseño, concebido en el Centro Stile Alfa Romeo de Turín, combina una estética moderna con el ADN clásico del fabricante. Una particularidad es la aerodinámica. <strong>Coda Troncada</strong>-Parte trasera, cuyo distintivo remate está inspirado en la histórica Giulia TZ y otorga al vehículo una presencia dinámica. La parte delantera se define por una parrilla concisa interpretada de forma moderna.</p>
<p>La nomenclatura es un homenaje directo a la historia y hace referencia al famoso GT 1300 Junior de 1966, que en su momento fue concebido como modelo de entrada.</p>
<p>La entrega de este artículo de colección se realizará de forma segura en un embalaje protector de poliespuma.</p>
</div>
